5
Let i(t) = -t**3 - 7*t**2 - 8*t - 4. Let h(y) = -2*y**3 - 15*y**2 - 18*y - 9. Let a(b) = -2*h(b) + 5*i(b). Give a(-3).
-8
Let t = 58 + -56. Let j(v) = v + t*v + 7 - 8 - 5. Determine j(4).
6
Let w(i) = i**3 - 7*i**2 - 6. Let y = 15 + -8. Let z be w(y). Let n(l) = l + 6. Give n(z).
0
Let j(b) = b**2 - 5*b + 3. Suppose 42 = -2*t + 44. Let z be t/((2/5)/(24/15)). Calculate j(z).
-1
Let k(m) = -7*m**3 + 2*m**2 + m. Let y = 224 - 225. What is k(y)?
8
Let z(c) = -c - 3. Let x be z(-4). Let q(f) = -4*f**2 + 0*f**2 + 7*f - 10*f - 1 + 2*f + 5*f**2. What is q(x)?
-1
Let w(q) = -2 + 149*q - 139*q + 5*q**3 + 9*q**2 - 4*q**3. Give w(-8).
-18
Let s(j) = -j + 1. Let p = 1200 + -1209. Calculate s(p).
10
Suppose 2*v - 8 = -4*j, -v - 10 = -5*j - 0*v. Suppose j*k - 15 = o, -7*o + 3*o = 3*k + 16. Let t(z) = -2*z + 7 + 0 - 8*z**2 - 5*z - z**3. Calculate t(o).
7
Let z(x) = 14*x - 4*x**2 + 2*x + 37863 + 3*x**2 - 37835. Calculate z(18).
-8
Let p(b) = 3*b**2 + b + 2. Let f(g) = 10*g**2 + 3*g + 7. Let r(k) = -2*f(k) + 7*p(k). Let l be 810/15*(4/3 + 0). Let a = l - 71. Determine r(a).
2
Let u(g) = -11*g + 3. Let z(o) = -8*o + 2. Let b(n) = -3*u(n) + 4*z(n). Suppose 2*v + 12 = -0*x + 2*x, -2*x + v = -9. Suppose -2*p - x + 15 = 0. Calculate b(p).
5
Suppose -3*l = 2*m - 15, -22*m + 6 = -l - 19*m. Let n(q) be the first derivative of -q**2 - 7 - 1/3*q**l + 5*q. Determine n(-4).
-3
Let t(h) be the first derivative of 4*h**2 - 7*h + 162. What is t(3)?
17
Let d(k) = k**3 + 9*k**2 + 9*k - 10. Let y be d(-7). Let u = y + -24. Let q(m) = 3*m**3 - m**2 + m - 1. Determine q(u).
2
Let u(b) = -b - 7. Suppose -5*n + 3*o = 51, -34 = 9*n - 5*n + o. Calculate u(n).
2
Let k(t) = t**2 + 17*t - 2. Let m = 2190 + -2207. Calculate k(m).
-2
Let v(k) = -2*k - 9. Let i = -164 - -161. Calculate v(i).
-3
Let t be ((-2)/(-4))/(29/(-290)). Let u(a) = a**3 + 6*a**2 + 5*a - 1. Calculate u(t).
-1
Let n = -32 + 42. Let j(q) = q**2 - 9*q - 6. Let f be j(n). Let x(r) = -2*r + 1 + 8*r - 4 - 1 - r**2. Give x(f).
4
Let i(y) = -y + 28. Let p(s) = -2. Let z(b) = i(b) + 6*p(b). Give z(11).
5
Let h(u) = 8*u - 3. Let l be 0 + 3 + (-43)/43. Determine h(l).
13
Let y = -36 - -41. Let a(s) = -y*s**2 - 64 + 65 - 9*s**2 + 2*s. Give a(-1).
-15
Let j(y) = y**2 - 7*y - 3. Let p be j(8). Let a(g) = g**2 - 1 + 5*g + g**2 + 2 - 3*g**2. Calculate a(p).
1
Let m(b) = 2*b**2 - 3*b + 32. Let l(k) = k**2 - 2*k + 20. Let r(j) = 8*l(j) - 5*m(j). What is r(-4)?
-28
Let t = 7 - 4. Suppose 2*u = t*u. Let b(c) = -6 + 2 - 33*c + 34*c. Calculate b(u).
-4
Let t(p) be the second derivative of -p**4/12 + 7*p**3/6 - 7*p**2/2 + p + 114. Suppose 41 = 5*m + 2*o - 0*o, -37 = -4*m - 3*o. Determine t(m).
-7
Let x(k) be the second derivative of k**5/20 + k**4/12 - k**3/3 + k**2/2 + 43*k. Determine x(2).
9
Let c(r) = -r**2 + 7*r - 8. Suppose -1 - 9 = 5*y. Let h be 22/4 + (-1)/y. Give c(h).
-2
Let u(h) = 12 + 2*h - 3*h**2 + h + 5*h + 0*h. Let q(f) = f**2 - 3*f - 4. Let w(t) = 8*q(t) + 3*u(t). Calculate w(5).
-21
Suppose 3*c - 4*t + 1 = -0*c, c - t = 0. Let r(v) = -c + v**3 + 4*v**2 + 3*v + 2 - v**2. Let s = 2558 - 2561. Determine r(s).
-8
Let f(n) be the second derivative of -n**5/20 - n**4/3 + n**3/6 + 5*n**2/2 + 139*n. Give f(-4).
1
Let k(z) = 2*z**3 - 3*z + 5. Suppose 31*p - 43*p = -24. What is k(p)?
15
Suppose -56*k - 18*k = 518. Let u(h) = 6*h + 37. Determine u(k).
-5
Let y(o) be the second derivative of -16*o - 1/6*o**3 + 0 + 11/2*o**2. Suppose 3*g - 4*g = 0. Determine y(g).
11
Suppose 5*s + 26 = 2*w, -4*w + s - 8 = -8*w. Let y(t) = 2*t**2 - 41*t - 4*t**2 - 1 + 43*t + 5*t**w. Calculate y(1).
4
Let n be (-6)/(-4)*(-1 + 5). Let o(k) = 11*k**2 + 19*k - 1. Let y(g) = 9*g**2 + 17*g - 1. Let t(w) = 5*o(w) - 6*y(w). Calculate t(n).
-5
Let q(j) be the third derivative of j**4/8 - 5*j**3/6 - 19*j**2. Give q(4).
7
Let n = -29 - -18. Let i(d) = -d**2 - 11*d - 4. Let u be i(n). Let v(x) = x**2 + 4*x - 4. Let q(k) = -k**2 - 3*k + 4. Let o(z) = u*q(z) - 3*v(z). Give o(4).
12
Let m be 3 + (222/27 - (-14)/(-63)). Let l(t) = -t**3 + 12*t**2 - 11*t + 5. What is l(m)?
5
Let f(o) = -7*o + 2. Let v(r) = -r. Let c(t) = -2*f(t) + 9*v(t). What is c(4)?
16
Suppose 0 = -4*f + 3*i + 19, 0*i - 2*i = -4*f + 18. Let y(d) be the first derivative of -3*d**2/2 + 6*d + 2. What is y(f)?
-6
Let s(g) = -g**3 - 3*g**2 - 2. Let z = -1498 + 1495. Calculate s(z).
-2
Let b(a) = -a**2 + 9*a - 9. Let z be 0/(-4 + 10 - 4). Suppose -2*n + 12 = -z*n. What is b(n)?
9
Suppose 10*c + 63 = 9*c. Let f = 71 + c. Let y(v) = v**2 - 9*v + 12. Determine y(f).
4
Let s(o) = 5*o + 2. Let c be s(0). Suppose -5*d + 5 = 0, 6*v - 3*v + c*d + 7 = 0. Let m(t) = t + 3. What is m(v)?
0
Suppose 11*u + 30 = 14*u. Suppose 5*v = y - 0*y - 16, -u = 5*v. Let i(f) be the first derivative of f**4/4 - 2*f**3 - 6*f - 3. Calculate i(y).
-6
Let q(g) = 12 - 10 + 5*g - 2*g**2 - 3*g**2 + 4*g**2. Suppose -2*v = -4, i + 3*i - 3*v = -50. Let y = i + 15. Give q(y).
6
Let v(m) = -35 - m - 34 + 58. Suppose -7 = -4*y - 3. Let q(u) = -5*u**2 + u - 1. Let s be q(y). Determine v(s).
-6
Let d(w) = -w**2 - w - w + 6 + 9*w. Suppose -1311 = -190*q + 209. Calculate d(q).
-2
Suppose 0 = 3*s - 5*a - 9, 2*s - 2*a = 5*s - 9. Suppose s*u + 0*m - 3*m = -18, 4*u + 16 = 2*m. Let d(r) = r**2 - 1. Determine d(u).
3
Suppose 4*s + 7*i - 3*i = -20, 3*s - i - 5 = 0. Let r(y) = -y**3 + y**2 - 24. Determine r(s).
-24
Let x(z) = z**3 - 2*z**2 + 3*z - 3. Suppose w = 5*w - 100. Let g = w - 23. Give x(g).
3
Suppose 0*y - 3*y - q = -12, -4*y + 3*q + 29 = 0. Let a(j) = 5*j. Give a(y).
25
Let q(d) = d**2 - 14*d - 20. Let v = -1825 + 1841. Calculate q(v).
12
Let t(o) be the first derivative of -o**4/6 - o**3/3 + 2*o**2 - 3. Let b(m) be the second derivative of t(m). Give b(-4).
14
Let y(c) = c**2 + 4*c - 5. Let q be 49/3 - (-1)/(-3). Let t = 11 - q. What is y(t)?
0
Suppose 0 = -4*g + 4*t - 2*t + 4, 0 = -2*t + 4. Suppose -3*l = -g*u - 0*l + 40, -l = 0. Let i = -20 + u. Let z(y) = y. What is z(i)?
0
Let i(w) be the first derivative of 5/2*w**2 + 1/3*w**3 - 15 - 3*w. Calculate i(-6).
3
Let z be (4/(-4))/(4/24). Let y(i) be the second derivative of i**3/3 - 5*i**2/2 + 13*i. Determine y(z).
-17
Let d(z) be the first derivative of z**5/120 + 24*z**3 - 81. Let v(f) be the third derivative of d(f). Suppose -3*i - s = -3*s - 12, 4*s = 12. Calculate v(i).
6
Let d(g) = 6*g**2 - g - 1. Let i = 997 + -998. What is d(i)?
6
Let r(p) be the first derivative of -p + 1/2*p**2 + 7 - 2/3*p**3 - 1/2*p**4. Determine r(-2).
5
Let p(n) = -3*n + 1. Let y(v) = v**3 + 5*v**2 + v - 6. Let s be y(-3). Suppose g = -2*g - s, 2*h + 3*g = -11. Calculate p(h).
4
Let y(w) be the second derivative of w**6/90 + w**5/60 + w**4 + 14*w. Let c(o) be the third derivative of y(o). Calculate c(-2).
-14
Let l be (-65)/5*(-3 + 4 - 2). Let f(i) = -i**3 + 13*i**2 + i - 18. Determine f(l).
-5
Let c(i) = -4*i - 1 - 2 + i + 1. Let z(b) = -b**2 - 4*b + 2. Let t be z(-4). Suppose -t = -j - 4. Determine c(j).
4
Let n = 108 - 105. Let c(p) = -5*p**2 - 6 + 7*p + 10*p**3 + 9*p**3 - 18*p**n. Calculate c(4).
6
Let p(x) = -x**3 - 5*x**2 + 6*x - 6. Let o(c) = c**2 - 14*c + 7. Let j be o(13). Calculate p(j).
-6
Let i(d) = -d**2 - 4*d + 13. Suppose 159*b + 84 = 145*b. Determine i(b).
1
Let g(a) = -7*a + 57. Let t be g(7). Let r(u) = 3*u**3 - u + 4*u**3 - 5*u**3 - u**3 - 8*u**2. Determine r(t).
-8
Let j(b) = b**3 + 8*b**2 - b - 8. Let c be 3/(-7) - 3/((-168)/(-424)). What is j(c)?
0
Let v(a) be the third derivative of a**6/120 - a**5/15 + a**4/12 - 83*a**2. What is v(3)?
-3
Let j(m) = -8*m + 5. Let r be j(0). Let y(f) = -r*f - 4*f + 8*f - 4*f. Determine y(-3).
15
Suppose -3*k + 3*x = -18, -16*x + 20*x = 0. Let z(y) = -y**3 + 5*y**2 + 7*y + 3. What is z(k)?
9
Let q(h) be the first derivative of -h**5/60 - 5*h**4/24 + h**2 + 6*h + 29. Let b(f) be the second derivative of q(f). Determine b(-5).
0
Suppose 0 = 4*d + 5*z + 14, -4 + 15 = -3*d - 4*z. Let a be (-8 - -10)*(d - -2). Let t(n) = 2*n**a - 3*n - 3 + 2*n**2 - 5*n**2. What is t(-3)?
-3
Let p(z) = 3*z**2 + 5*z + 6. Let r(w) = w**2. Let l(i) = -p(i) + 2*r(i). Suppose 5*o = 298 - 323. Determine l(o).
-6
Let d = 0 + -4. Let v(x) = 2*x - 11. Let f(t) = t - 2. Let m(i) = 4*f(i) - v(i). Calculate m(d).
-5
Let v(w) = 5*w - 5. Suppose -4*c + 26 - 62 = 0. Calculate v(c).
-50
Suppose